{"id":155,"date":"2022-01-21T17:42:46","date_gmt":"2022-01-21T16:42:46","guid":{"rendered":"https:\/\/gctconsult.fr\/?page_id=155"},"modified":"2022-01-28T15:15:37","modified_gmt":"2022-01-28T14:15:37","slug":"se-former","status":"publish","type":"page","link":"http:\/\/gctconsult.fr\/index.php\/se-former\/","title":{"rendered":"Se former"},"content":{"rendered":"\t\t<div data-elementor-type=\"wp-page\" data-elementor-id=\"155\" class=\"elementor elementor-155\" data-elementor-settings=\"[]\">\n\t\t\t\t\t\t\t<div class=\"elementor-section-wrap\">\n\t\t\t\t\t\t\t<section class=\"elementor-section elementor-top-section elementor-element elementor-element-746e9c2c elementor-section-boxed elementor-section-height-default elementor-section-height-default\" data-id=\"746e9c2c\" data-element_type=\"section\">\n\t\t\t\t\t\t\t<div class=\"elementor-background-overlay\"><\/div>\n\t\t\t\t\t\t\t<div class=\"elementor-container elementor-column-gap-default\">\n\t\t\t\t\t<div class=\"elementor-column elementor-col-100 elementor-top-column elementor-element elementor-element-1ffe1f5c\" data-id=\"1ffe1f5c\" data-element_type=\"column\">\n\t\t\t<div class=\"elementor-widget-wrap elementor-element-populated\">\n\t\t\t\t\t\t\t\t<div class=\"elementor-element elementor-element-31787197 elementor-widget elementor-widget-heading\" data-id=\"31787197\" data-element_type=\"widget\" data-widget_type=\"heading.default\">\n\t\t\t\t<div class=\"elementor-widget-container\">\n\t\t\t<style>\/*! elementor - v3.5.3 - 28-12-2021 *\/\n.elementor-heading-title{padding:0;margin:0;line-height:1}.elementor-widget-heading .elementor-heading-title[class*=elementor-size-]>a{color:inherit;font-size:inherit;line-height:inherit}.elementor-widget-heading .elementor-heading-title.elementor-size-small{font-size:15px}.elementor-widget-heading .elementor-heading-title.elementor-size-medium{font-size:19px}.elementor-widget-heading .elementor-heading-title.elementor-size-large{font-size:29px}.elementor-widget-heading .elementor-heading-title.elementor-size-xl{font-size:39px}.elementor-widget-heading .elementor-heading-title.elementor-size-xxl{font-size:59px}<\/style><h1 class=\"elementor-heading-title elementor-size-xl\"><br>Se former<br><br><\/h1>\t\t<\/div>\n\t\t\t\t<\/div>\n\t\t\t\t\t<\/div>\n\t\t<\/div>\n\t\t\t\t\t\t\t<\/div>\n\t\t<\/section>\n\t\t\t\t<section class=\"elementor-section elementor-top-section elementor-element elementor-element-6d4cc0a3 elementor-section-boxed elementor-section-height-default elementor-section-height-default\" data-id=\"6d4cc0a3\" data-element_type=\"section\">\n\t\t\t\t\t\t\t<div class=\"elementor-background-overlay\"><\/div>\n\t\t\t\t\t\t\t<div class=\"elementor-container elementor-column-gap-default\">\n\t\t\t\t\t<div class=\"elementor-column elementor-col-50 elementor-top-column elementor-element elementor-element-3367dfed\" data-id=\"3367dfed\" data-element_type=\"column\">\n\t\t\t<div class=\"elementor-widget-wrap elementor-element-populated\">\n\t\t\t\t\t\t\t\t<div class=\"elementor-element elementor-element-265e6e47 elementor-widget elementor-widget-image\" data-id=\"265e6e47\" data-element_type=\"widget\" data-widget_type=\"image.default\">\n\t\t\t\t<div class=\"elementor-widget-container\">\n\t\t\t<style>\/*! elementor - v3.5.3 - 28-12-2021 *\/\n.elementor-widget-image{text-align:center}.elementor-widget-image a{display:inline-block}.elementor-widget-image a img[src$=\".svg\"]{width:48px}.elementor-widget-image img{vertical-align:middle;display:inline-block}<\/style>\t\t\t\t\t\t\t\t\t\t\t\t<img width=\"1024\" height=\"766\" src=\"http:\/\/gctconsult.fr\/wp-content\/uploads\/2022\/01\/tour-eiffel-brouillard-1024x766.jpg\" class=\"attachment-large size-large\" alt=\"\" loading=\"lazy\" srcset=\"http:\/\/gctconsult.fr\/wp-content\/uploads\/2022\/01\/tour-eiffel-brouillard-1024x766.jpg 1024w, http:\/\/gctconsult.fr\/wp-content\/uploads\/2022\/01\/tour-eiffel-brouillard-300x224.jpg 300w, http:\/\/gctconsult.fr\/wp-content\/uploads\/2022\/01\/tour-eiffel-brouillard-768x574.jpg 768w, http:\/\/gctconsult.fr\/wp-content\/uploads\/2022\/01\/tour-eiffel-brouillard-1536x1149.jpg 1536w, http:\/\/gctconsult.fr\/wp-content\/uploads\/2022\/01\/tour-eiffel-brouillard-2048x1532.jpg 2048w, http:\/\/gctconsult.fr\/wp-content\/uploads\/2022\/01\/tour-eiffel-brouillard-1200x898.jpg 1200w, http:\/\/gctconsult.fr\/wp-content\/uploads\/2022\/01\/tour-eiffel-brouillard-1980x1481.jpg 1980w\" sizes=\"(max-width: 1024px) 100vw, 1024px\" \/>\t\t\t\t\t\t\t\t\t\t\t\t\t\t\t<\/div>\n\t\t\t\t<\/div>\n\t\t\t\t\t<\/div>\n\t\t<\/div>\n\t\t\t\t<div class=\"elementor-column elementor-col-50 elementor-top-column elementor-element elementor-element-1779bb6f\" data-id=\"1779bb6f\" data-element_type=\"column\">\n\t\t\t<div class=\"elementor-widget-wrap elementor-element-populated\">\n\t\t\t\t\t\t\t\t<div class=\"elementor-element elementor-element-6af2039b elementor-widget elementor-widget-text-editor\" data-id=\"6af2039b\" data-element_type=\"widget\" data-widget_type=\"text-editor.default\">\n\t\t\t\t<div class=\"elementor-widget-container\">\n\t\t\t<style>\/*! elementor - v3.5.3 - 28-12-2021 *\/\n.elementor-widget-text-editor.elementor-drop-cap-view-stacked .elementor-drop-cap{background-color:#818a91;color:#fff}.elementor-widget-text-editor.elementor-drop-cap-view-framed .elementor-drop-cap{color:#818a91;border:3px solid;background-color:transparent}.elementor-widget-text-editor:not(.elementor-drop-cap-view-default) .elementor-drop-cap{margin-top:8px}.elementor-widget-text-editor:not(.elementor-drop-cap-view-default) .elementor-drop-cap-letter{width:1em;height:1em}.elementor-widget-text-editor .elementor-drop-cap{float:left;text-align:center;line-height:1;font-size:50px}.elementor-widget-text-editor .elementor-drop-cap-letter{display:inline-block}<\/style>\t\t\t\t<h1>Les sciences, des outils utiles pour tous.<\/h1>\n<h1>Vous souhaitez continuer \u00e0 vous former en groupe, apprendre autrement, dans le domaine des sciences et des math\u00e9matiques, pr\u00e9parer un examen.<\/h1>\n<h1>Contactez moi pour en savoir plus sur ma vision et ma d\u00e9marche.&nbsp;<\/h1>\n<h1>En effet, apr\u00e8s une forte exp\u00e9rience r\u00e9ussie de plus de 30 ans dans les innovations, ce contact puis ces travaux avec vous r\u00e9pondront&nbsp;\u00e0 vos&nbsp;demandes.<\/h1>\t\t\t\t\t\t<\/div>\n\t\t\t\t<\/div>\n\t\t\t\t\t<\/div>\n\t\t<\/div>\n\t\t\t\t\t\t\t<\/div>\n\t\t<\/section>\n\t\t\t\t\t\t<\/div>\n\t\t\t\t\t<\/div>\n\t\t","protected":false},"excerpt":{"rendered":"<p>Se former Les sciences, des outils utiles pour tous. Vous souhaitez continuer \u00e0 vous former en groupe, apprendre autrement, dans le domaine des sciences et des math\u00e9matiques, pr\u00e9parer un examen. Contactez moi pour en savoir plus sur ma vision et ma d\u00e9marche.&nbsp; En effet, apr\u00e8s une forte exp\u00e9rience r\u00e9ussie de plus de 30 ans dans [&hellip;]<\/p>\n","protected":false},"author":1,"featured_media":0,"parent":0,"menu_order":0,"comment_status":"closed","ping_status":"closed","template":"","meta":[],"_links":{"self":[{"href":"http:\/\/gctconsult.fr\/index.php\/wp-json\/wp\/v2\/pages\/155"}],"collection":[{"href":"http:\/\/gctconsult.fr\/index.php\/wp-json\/wp\/v2\/pages"}],"about":[{"href":"http:\/\/gctconsult.fr\/index.php\/wp-json\/wp\/v2\/types\/page"}],"author":[{"embeddable":true,"href":"http:\/\/gctconsult.fr\/index.php\/wp-json\/wp\/v2\/users\/1"}],"replies":[{"embeddable":true,"href":"http:\/\/gctconsult.fr\/index.php\/wp-json\/wp\/v2\/comments?post=155"}],"version-history":[{"count":12,"href":"http:\/\/gctconsult.fr\/index.php\/wp-json\/wp\/v2\/pages\/155\/revisions"}],"predecessor-version":[{"id":220,"href":"http:\/\/gctconsult.fr\/index.php\/wp-json\/wp\/v2\/pages\/155\/revisions\/220"}],"wp:attachment":[{"href":"http:\/\/gctconsult.fr\/index.php\/wp-json\/wp\/v2\/media?parent=155"}],"curies":[{"name":"wp","href":"https:\/\/api.w.org\/{rel}","templated":true}]}}